factors of 6846665833?
7, 17, 167, 2063
List the prime factors of 4199601771.
3, 4129, 113011
What are the prime factors of 322738298?
2, 137, 1177877
List the prime factors of 348229137.
3, 2693, 43103
What are the prime factors of 5039195523?
3, 19, 3413, 25903
List the prime factors of 120099770.
2, 5, 7, 1715711
What are the prime factors of 699384139?
699384139
What are the prime factors of 903395099?
79, 151, 75731
What are the prime factors of 36304865?
5, 683, 10631
What are the prime factors of 2619504944?
2, 7, 61, 383417
List the prime factors of 250698935.
5, 50139787
What are the prime factors of 106601597?
653, 163249
List the prime factors of 4215908545.
5, 843181709
List the prime factors of 4373302268.
2, 1093325567
What are the prime factors of 319615763?
319615763
List the prime factors of 17649248.
2, 551539
What are the prime factors of 4764156?
2, 3, 397013
List the prime factors of 88737808.
2, 563, 9851
What are the prime factors of 208393376?
2, 6512293
List the prime factors of 76978303.
59, 569, 2293
What are the prime factors of 77169698?
2, 17, 167, 13591
List the prime factors of 33239240.
2, 5, 830981
List the prime factors of 116931851.
97, 1087, 1109
What are the prime factors of 2358292371?
3, 786097457
What are the prime factors of 54126148?
2, 2357, 5741
What are the prime factors of 285022625?
5, 317, 7193
What are the prime factors of 36946775?
5, 1477871
What are the prime factors of 22720822?
2, 11360411
What are the prime factors of 55285986?
2, 3, 7, 101, 13033
What are the prime factors of 1000142308?
2, 11, 22730507
What are the prime factors of 175917162?
2, 3, 19, 1543133
What are the prime factors of 434471644?
2, 227, 478493
List the prime factors of 751822342.
2, 499, 753329
What are the prime factors of 1344200373?
3, 29, 349, 4919
List the prime factors of 275638886.
2, 97, 1420819
List the prime factors of 59954106.
2, 3, 239, 41809
What are the prime factors of 29837153?
29837153
What are the prime factors of 1421965236?
2, 3, 29, 587, 6961
List the prime factors of 41970187.
7, 31, 269, 719
List the prime factors of 735404531.
10687, 68813
What are the prime factors of 125653166?
2, 62826583
What are the prime factors of 37318651?
41, 103, 8837
What are the prime factors of 121048625?
5, 968389
What are the prime factors of 202076457?
3, 11, 19, 101, 3191
List the prime factors of 100831967.
47, 2145361
What are the prime factors of 36426880?
2, 5, 7, 47, 173
List the prime factors of 6584486.
2, 23, 143141
What are the prime factors of 1505411873?
7, 215058839
List the prime factors of 42814811.
13, 3293447
List the prime factors of 22462207.
83, 277, 977
List the prime factors of 2032369176.
2, 3, 17, 31, 160687
List the prime factors of 58993069.
58993069
What are the prime factors of 155214042?
2, 3, 89, 290663
List the prime factors of 42137334.
2, 3, 23, 43, 263
What are the prime factors of 12355465?
5, 2471093
What are the prime factors of 179708894?
2, 9181, 9787
What are the prime factors of 5789662924?
2, 16547, 87473
What are the prime factors of 674119245?
3, 5, 79, 568877
List the prime factors of 23636786.
2, 11818393
What are the prime factors of 359565954?
2, 3, 11, 29, 187861
List the prime factors of 674991620.
2, 5, 33749581
What are the prime factors of 1291458462?
2, 3, 7, 19, 1618369
List the prime factors of 47151291.
3, 11, 53, 26959
What are the prime factors of 519850772?
2, 7, 18566099
What are the prime factors of 8000164005?
3, 5, 533344267
List the prime factors of 1435836890.
2, 5, 143583689
What are the prime factors of 386809845?
3, 5, 61, 73, 5791
List the prime factors of 2372817423.
3, 1933, 409177
What are the prime factors of 89414605?
5, 7, 317, 8059
List the prime factors of 155792752.
2, 9737047
List the prime factors of 383264983.
17, 631, 35729
List the prime factors of 67589102.
2, 7, 47, 59, 1741
What are the prime factors of 42119400?
2, 3, 5, 70199
List the prime factors of 13230634.
2, 6615317
List the prime factors of 155261859.
3, 51753953
What are the prime factors of 4013869916?
2, 7, 43, 859, 3881
List the prime factors of 1149551694.
2, 3, 1109, 57587
List the prime factors of 129378625.
5, 191, 5419
What are the prime factors of 21389010?
2, 3, 5, 712967
List the prime factors of 517220410.
2, 5, 7, 17, 37, 691
What are the prime factors of 1738570062?
2, 3, 163, 877, 2027
What are the prime factors of 2520109?
463, 5443
What are the prime factors of 346184870?
2, 5, 53, 641, 1019
List the prime factors of 49595111.
19, 499, 5231
List the prime factors of 7463898.
2, 3, 13, 167, 191
What are the prime factors of 3696272954?
2, 11, 168012407
What are the prime factors of 16601729?
67, 149, 1663
What are the prime factors of 160740689?
160740689
List the prime factors of 167267704.
2, 271, 77153
List the prime factors of 314418373.
73, 1373, 3137
List the prime factors of 34005307.
7, 19, 255679
List the prime factors of 980757272.
2, 11, 47, 21557
What are the prime factors of 961615154?
2, 480807577
What are the prime factors of 3479853343?
3479853343
List the prime factors of 528074541.
3, 167, 351347
What are the prime factors of 1131143441?
1131143441
List the prime factors of 69762709.
3923, 17783
List the prime factors of 8632857.
3, 2877619
List the prime factors of 151612513.
13, 797, 14633
What are the prime factors of 3106128271?
1579, 1967149
List the prime factors of 71730970.
2, 5, 7173097
What are the prime factors of 2499782852?
2, 7, 89277959
What are the prime factors of 2136160634?
2, 1068080317
What are the prime factors of 20072308?
2, 17, 229, 1289
List the prime factors of 30258414.
2, 3, 560341
What are the prime factors of 649619634?
2, 3, 108269939
List the prime factors of 1787582967.
3, 5303, 112363
What are the prime factors of 175160248?
2, 17, 601, 2143
What are the prime factors of 8255600694?
2, 3, 11, 29, 1437757
What are the prime factors of 805537830?
2, 3, 5, 26851261
What are the prime factors of 53246249?
7, 41, 185527
What are the prime factors of 2968711217?
61, 79, 103, 5981
List the prime factors of 2134253713.
113, 18887201
What are the prime factors of 3400969549?
89, 367, 104123
List the prime factors of 5129590582.
2, 3169, 809339
List the prime factors of 20856006.
2, 3, 179, 6473
What are the prime factors of 40474222?
2, 20237111
What are the prime factors of 2815152495?
3, 5, 4517, 41549
List the prime factors of 178090405.
5, 5309, 6709
List the prime factors of 492623703.
3, 11, 13, 382769
List the prime factors of 2049464906.
2, 19, 53933287
What are the prime factors of 33405550?
2, 5, 668111
What are the prime factors of 921429412?
2, 29, 7943357
List the prime factors of 1489779772.
2, 13, 31, 41, 22541
List the prime factors of 198344506.
2, 181, 347, 1579
What are the prime factors of 470322845?
5, 1423, 66103
List the prime factors of 78918088.
2, 9864761
What are the prime factors of 199378623?
3, 2657, 25013
List the prime factors of 54183170.
2, 5, 23, 37, 6367
List the prime factors of 30267248.
2, 11, 47, 3659
List the prime factors of 1132566999.
3, 467, 808399
List the prime factors of 57152653.
1019, 56087
List the prime factors of 142464095.
5, 29, 257, 3823
What are the prime factors of 532370356?
2, 7, 37, 513871
List the prime factors of 6900907541.
11, 29, 107, 181, 1117
List the prime factors of 2249354397.
3, 53, 14146883
List the prime factors of 12102127.
12102127
What are the prime factors of 2887212655?
5, 23, 61, 411577
List the prime factors of 194052374.
2, 31, 773, 4049
List the prime factors of 76696978.
2, 41, 109, 8581
What are the prime factors of 3118997817?
3, 13, 1213, 21977
What are the prime factors of 59237978?
2, 103, 137, 2099
List the prime factors of 16564714.
2, 8282357
List the prime factors of 2278273110.
2, 3, 5, 503, 150979
List the prime factors of 2152129256.
2, 269016157
What are the prime factors of 133878749?
8317, 16097
What are the prime factors of 12267092?
2, 3066773
What are the prime factors of 524609799?
3, 7, 67, 179, 2083
What are the prime factors of 44852694?
2, 3, 769, 9721
List the prime factors of 1322620252.
2, 113, 2926151
List the prime factors of 95676732.
2, 3, 2657687
What are the prime factors of 697472570?